46/(-4))/((-5)/10).
20
Let z = 8 + -7. Let y = z - 1. Suppose y = 2*n - 9 - 19. Calculate the remainder when 39 is divided by n.
11
Let b = -53 + 58. Calculate the remainder when b is divided by 2.
1
Suppose 16 = 5*q + h, -2*q + 5*h - 11 = -4*q. Suppose 0 = q*k - 2*k - 17. Let j(c) = 3*c**2 - 3*c - 3. Calculate the remainder when j(-3) is divided by k.
16
Let k be ((-18)/(-8))/(3/16). Suppose 0 = -n + 7 + k. Suppose 3*a - a = f - 15, -4*a = -5*f + 51. What is the remainder when n is divided by f?
5
Let d be ((-4 - 1) + 2)*1. Let a be d + 1/1 - -7. Suppose 0 = a*g - 0*g - 60. Calculate the remainder when g is divided by 7.
5
Let x(b) = 6*b - 15. What is the remainder when 129 is divided by x(8)?
30
Let m = 11 + -9. Suppose -m*c = -2*u - 3*u + 39, 0 = -5*u + 3*c + 36. Calculate the remainder when 35 is divided by u.
8
Let v(c) = -c**3 - 8*c**2 + 6*c + 3. What is the remainder when v(-9) is divided by 8?
6
Let b = -6 + 11. Calculate the remainder when b is divided by (2 - -4)/(-1 + 3).
2
Suppose -84 = -5*o + 26. Let a = o + -8. Suppose 5*k - a = 56. What is the remainder when k is divided by 8?
6
Suppose 2*c - 5*c - 39 = 3*s, s = 2*c - 7. Let o = -6 - s. What is the remainder when o is divided by 2?
1
Let c = 19 - -27. Suppose -r + 7 + 5 = 0. Calculate the remainder when c is divided by r.
10
Suppose -2*h - 15 = h. Let u = 9 + h. What is the remainder when 13 is divided by u?
1
Suppose 15 = -3*n + 3, -36 = -w + 2*n. Calculate the remainder when 83 is divided by w.
27
Let q(j) = j**3 + 2*j**2 + j - 3. Let o be q(-3). Let d = 28 + o. What is the remainder when d is divided by 4?
1
Let y = 7 - 3. Suppose 2*c + 3*d - 11 = 0, -3*c + y*d + 16 = 2*c. Let z(u) = -2*u**2 + 19*u - 2. What is the remainder when z(9) is divided by c?
3
Let s(i) = i - 1. Let q(x) = 3*x - 21. Let a(w) = -q(w) + 4*s(w). Calculate the remainder when 41 is divided by a(-6).
8
Let l(p) = 3*p**2 - 2*p + 4. Let a be l(4). Suppose -4*g + a = -4*w, -4 = 3*w + w. Calculate the remainder when g is divided by 4.
2
Suppose -3*a - 13 - 8 = 0. Let s = 11 + a. What is the remainder when 11 is divided by s?
3
Suppose -3*h + 11 = 2. Suppose -2*p - h*p + 105 = 0. What is the remainder when 62 is divided by p?
20
Let c = 44 + -22. Let u = 7 + -10. Let t = c + u. What is the remainder when t is divided by 7?
5
Let l(k) = -4*k**2 - 3*k + 2. Let x(a) = -5*a**2 - 3*a + 3. Let d(y) = -3*l(y) + 2*x(y). What is the remainder when 24 is divided by d(-3)?
6
Calculate the remainder when 51 is divided by -2 + (158/10 - (-3)/15).
9
Suppose 0 = -8*r + 3*r + 30. Let l(d) = -d**3 - 3*d**2 - d + 2. Let y be l(-4). Let k = y - 11. Calculate the remainder when k is divided by r.
5
Let p be (3/6)/((-1)/(-2)). Let l be 1 + -1*(p - 2). Calculate the remainder when 34 is divided by l/7 - (-248)/14.
16
Calculate the remainder when 188/(-22)*-4 - (-106)/(-583) is divided by 20.
14
Let g = -51 + 137. What is the remainder when g is divided by 15?
11
Let m(f) = -f**3 + 10*f**2 - 12. What is the remainder when m(9) is divided by 14?
13
Let o(l) = -l**2 + 14*l - 6. Calculate the remainder when o(8) is divided by 15.
12
Suppose 750 = 4*o + o. Suppose -5*y + o + 75 = 0. What is the remainder when y is divided by 16?
13
Suppose -4*a = -o - 10 - 19, -3*a = -o - 22. Let w = 13 - a. Let k = -14 + 24. Calculate the remainder when k is divided by w.
4
Suppose 8*l - 3*v = 3*l + 18, -3*v + 9 = 4*l. What is the remainder when l is divided by 12/8*(1 + 1)?
0
Suppose 18 = 3*w - 3*k, 2*w - 3*k - 2*k = 24. Suppose -3*t = w*u - 5*t - 34, 3*t = u - 23. What is the remainder when 53 is divided by u?
11
Let v = -12 + 13. Let z = v - -13. What is the remainder when 40 is divided by z?
12
Let y be (-418)/(-33) + (-2)/3. Suppose -d + y = d. What is the remainder when 9 is divided by d?
3
Let h(k) = -k**3 + 6*k**2 - 4*k - 2. Let v be h(5). Suppose -2*c - 2*q = -3*c + 10, -v*c + 2*q = -50. What is the remainder when 37 is divided by c?
17
Suppose 3*d - 9 = -0. Let l(x) = 5*x - 4. Let c(q) = -2*q**3 + 75*q**2 - 34*q - 79. What is the remainder when c(37) is divided by l(d)?
10
What is the remainder when -3 + -2*(-4 - (-9)/(-6)) is divided by 6?
2
Let l = 2 + -8. Let q(g) = g**3 + 6*g**2 - 5*g - 3. Let x = -16 - -30. Calculate the remainder when q(l) is divided by x.
13
Suppose 5*i - 65 = 5*q, 43 - 2 = 5*i + q. Calculate the remainder when 17 is divided by i.
8
Let s = 88 - 28. What is the remainder when s is divided by 21?
18
Suppose -w - 3 = -2*w. Suppose -z = w*n + 13, 3*z + n - 5 = -4. Calculate the remainder when ((0 - 4) + 0)/(-1) is divided by z.
0
Suppose 3*t = 5*t - 12. Calculate the remainder when t is divided by 2.
0
Suppose 7 = 2*n - n. What is the remainder when 11 is divided by n?
4
Suppose -5*z - 20 = -70. What is the remainder when 17 is divided by z?
7
Let w be (4/(0 + -1))/(-2). Suppose -153 = -i - w*i. Calculate the remainder when i is divided by 13.
12
Let r be 3/(-2 - -3) + -1. Suppose u = -r*u. Suppose -5*b + u*b + 5 = 0. Calculate the remainder when 2 is divided by b.
0
Let i = -13 + 6. Let a = 19 + i. Calculate the remainder when 33 is divided by a.
9
Calculate the remainder when 10/45 + (-410)/(-18) is divided by 14.
9
Suppose 2*r - 17 - 17 = 0. Calculate the remainder when 31 is divided by r.
14
Let m(t) = -t**3 + 5*t**2 + 7*t - 5. Let y be m(6). Let x = 14 + y. Calculate the remainder when 43 is divided by x.
13
Suppose 0 = 5*f - 5*c - 70, 13 = -f - 4*c + 32. Suppose 4*p - f = -p. What is the remainder when 7 is divided by p?
1
Suppose 0 = 3*d + 3*y, 7*d - 4*y = 12*d - 3. Calculate the remainder when 2 + (6 + 0 - 0) is divided by d.
2
What is the remainder when 31 is divided by (-185)/(-15) + 7/(-21)?
7
Calculate the remainder when 2/(-6) + 3278/33 is divided by 34.
31
What is the remainder when 26 is divided by (-105)/60*4/(-1)?
5
Suppose -3*z = 2*z - 4*w - 140, 4*w - 148 = -4*z. Calculate the remainder when z is divided by 7.
4
Let p = 26 + -15. Calculate the remainder when ((-93)/9)/((-4)/12) is divided by p.
9
Suppose 2*n - 7*n = -90. Suppose -n - 9 = -l. What is the remainder when l is divided by 15?
12
Let l(v) = -6*v + 15. What is the remainder when l(-5) is divided by 23?
22
Let a be (-17)/(-1) - (0 - 2). Suppose 1 = 4*b - a. What is the remainder when 8 is divided by b?
3
Let f = 159 - 94. Suppose 0 = 3*t - 1 - 5, 120 = 5*o + 5*t. Calculate the remainder when f is divided by o.
21
Let p(y) = y**2 - 17*y + 14. Suppose -2*j + 5*t + 19 = 0, 3*j + j - 2*t - 62 = 0. What is the remainder when 53 is divided by p(j)?
11
Suppose -1 - 3 = 4*m, -4*c = -3*m - 7. Calculate the remainder when 57 is divided by c*(-45)/3*-1.
12
Let t = -2 + 6. Suppose f + t*f = 60. What is the remainder when 35 is divided by f?
11
Suppose 15*w = 13*w + 12. Suppose 2*f - w = 24. Calculate the remainder when f is divided by 8.
7
Let k(n) be the first derivative of 10*n**3/3 + n**2/2 - n + 2. Calculate the remainder when ((-5)/(20/232))/(-2) is divided by k(1).
9
Suppose -2*p + 10 = 2*q, -22 = -p - 4*q - 2. Let r(o) = -o**2 + o + 18. Let y be r(p). Suppose -y = -5*g + 37. Calculate the remainder when g is divided by 4.
3
Let t(q) = -3*q - 4. Let z be t(-3). Suppose b + 0 = z. Calculate the remainder when (-2)/(-11) + (-207)/(-11) is divided by b.
4
Let i(o) = -o**3 - o**2 - o - 6. Let g be -4 + 3 - 8/2. Let t be i(g). Let q = t - 58. What is the remainder when q is divided by 14?
13
Let o(l) = -l**2 + 15*l - 20. Let v be o(8). Suppose -4*u = 2*x - 38, 2*x - 3*u = v + 2. Calculate the remainder when x is divided by 10.
9
Let a(f) = -f**3 + f**2 - 4*f - 3. Let v be ((-15)/3)/(-1)*1. Suppose 3*o - 6*o - 42 = -5*g, v*o - 4 = -4*g. Calculate the remainder when a(-2) is divided by g.
5
Let n = 141 + -128. Calculate the remainder when -2*((-69)/6)/1 is divided by n.
10
Let j = 40 + -37. What is the remainder when 3 is divided by j?
0
Let o be (6 - 3) + (2 - 2). Suppose -28 + 7 = -o*m. What is the remainder when m is divided by 4?
3
Let s = -64 - -68. Let h = -2 + 2. Suppose h = -o + s*o - 81. What is the remainder when o is divided by 14?
13
Let f = 140 + -42. Calculate the remainder when f is divided by 33.
32
Calculate the remainder when 197 is divided by 3 + (-138)/(-3) + 6 + -5.
47
Let o = -1 + 3. Suppose -a = -o - 0. Suppose -116 = -2*w - a*w. 